c (base 13) to base 7.
-15
What is 1021 (base 3) in base 11?
31
-27 (base 10) to base 7
-36
What is 17 (base 8) in base 10?
15
Convert 11 (base 6) to base 2.
111
What is -1001 (base 2) in base 15?
-9
Convert 17 (base 10) to base 7.
23
32 (base 6) to base 13
17
Convert -1 (base 11) to base 3.
-1
What is -11 (base 3) in base 11?
-4
Convert -5b (base 12) to base 10.
-71
Convert -10 (base 2) to base 10.
-2
Convert 260 (base 11) to base 6.
1232
Convert -2 (base 16) to base 4.
-2
Convert b (base 12) to base 6.
15
Convert -22 (base 6) to base 7.
-20
6 (base 15) to base 5
11
What is -4b (base 14) in base 11?
-61
What is 23 (base 6) in base 14?
11
What is 351 (base 6) in base 13?
a9
32 (base 5) to base 14
13
What is 3 (base 13) in base 10?
3
What is 24 (base 13) in base 16?
1e
-11 (base 3) to base 6
-4
What is 201 (base 7) in base 15?
69
Convert 9 (base 12) to base 14.
9
-111 (base 2) to base 7
-10
-5 (base 8) to base 5
-10
Convert -102201 (base 3) to base 7.
-631
What is 23 (base 13) in base 10?
29
What is -12212 (base 3) in base 7?
-314
4 (base 10) to base 7
4
Convert 4 (base 6) to base 8.
4
-164 (base 7) to base 12
-7b
-70 (base 12) to base 15
-59
Convert -16 (base 7) to base 16.
-d
What is 1014 (base 5) in base 3?
11222
1 (base 4) to base 10
1
0 (base 16) to base 7
0
Convert 52 (base 7) to base 8.
45
What is 0 (base 16) in base 11?
0
Convert -101010 (base 2) to base 12.
-36
What is b9 (base 15) in base 11?
149
Convert 20 (base 11) to base 4.
112
What is 89 (base 12) in base 13?
81
-5 (base 9) to base 2
-101
Convert 3 (base 9) to base 5.
3
Convert 18 (base 13) to base 10.
21
What is 95 (base 12) in base 3?
11012
What is 11 (base 16) in base 5?
32
Convert 4 (base 16) to base 5.
4
What is 25 (base 7) in base 2?
10011
What is -221 (base 3) in base 11?
-23
Convert -3 (base 13) to base 12.
-3
Convert 8 (base 15) to base 7.
11
Convert -123 (base 6) to base 5.
-201
c1 (base 13) to base 4
2131
-6 (base 10) to base 3
-20
Convert -5e (base 15) to base 12.
-75
1113 (base 4) to base 11
7a
-2 (base 15) to base 8
-2
-c7 (base 15) to base 2
-10111011
What is 1 (base 12) in base 10?
1
Convert 3 (base 13) to base 16.
3
What is 2a (base 14) in base 3?
1102
11 (base 4) to base 10
5
What is 210 (base 8) in base 13?
a6
-3 (base 9) to base 4
-3
What is -32 (base 9) in base 16?
-1d
Convert 1023 (base 5) to base 15.
93
What is 19 (base 15) in base 3?
220
Convert -31 (base 4) to base 5.
-23
2020 (base 3) to base 14
44
What is -4 (base 12) in base 14?
-4
Convert -101001 (base 2) to base 8.
-51
69 (base 11) to base 13
5a
17 (base 15) to base 5
42
Convert 2 (base 10) to base 12.
2
-3 (base 6) to base 4
-3
Convert 121 (base 3) to base 9.
17
1011011 (base 2) to base 9
111
What is 101 (base 7) in base 5?
200
5 (base 9) to base 16
5
What is -101 (base 9) in base 2?
-1010010
Convert 16 (base 11) to base 5.
32
-13 (base 7) to base 6
-14
Convert -2b (base 15) to base 9.
-45
What is 112 (base 6) in base 14?
32
Convert 240 (base 6) to base 7.
165
Convert -4 (base 16) to base 2.
-100
Convert 2c (base 15) to base 10.
42
What is 101000 (base 2) in base 6?
104
What is 5 (base 10) in base 13?
5
What is -1 (base 12) in base 3?
-1
11010000 (base 2) to base 16
d0
Convert 179 (base 11) to base 10.
207
Convert 161 (base 11) to base 10.
188
-21 (base 7) to base 16
-f
What is 34 (base 16) in base 7?
103
What is -26 (base 9) in base 13?
-1b
Convert -1 (base 11) to base 9.
-1
-13 (base 16) to base 7
-25
Convert 1 (base 4) to base 9.
1
What is 58 (base 10) in base 9?
64
1210 (base 3) to base 16
30
What is -10 (base 7) in base 8?
-7
Convert -11 (base 6) to base 16.
-7
Convert -101011 (base 2) to base 5.
-133
What is -32 (base 6) in base 13?
-17
-12 (base 14) to base 3
-121
Convert -34 (base 6) to base 2.
-10110
Convert -a (base 11) to base 9.
-11
1000101 (base 2) to base 9
76
-2d (base 14) to base 11
-38
-110010 (base 2) to base 14
-38
-1a (base 14) to base 10
-24
What is -3 (base 7) in base 6?
-3
Convert 20 (base 16) to base 13.
26
Convert 1 (base 16) to base 13.
1
Convert -33 (base 9) to base 10.
-30
Convert 72 (base 9) to base 10.
65
What is 124 (base 5) in base 11?
36
-23 (base 13) to base 10
-29
30 (base 16) to base 15
33
What is -10011010 (base 2) in base 11?
-130
What is -1102 (base 3) in base 6?
-102
What is -1 (base 8) in base 4?
-1
-247 (base 11) to base 5
-2133
2 (base 12) to base 11
2
What is -8 (base 13) in base 16?
-8
Convert -3 (base 16) to base 3.
-10
-3 (base 6) to base 8
-3
Convert -11 (base 11) to base 15.
-c
13 (base 16) to base 11
18
Convert 2 (base 13) to base 3.
2
What is 16 (base 11) in base 9?
18
What is -7 (base 15) in base 7?
-10
Convert -96 (base 10) to base 4.
-1200
What is 26 (base 15) in base 6?
100
What is -3 (base 13) in base 11?
-3
What is -4b (base 12) in base 10?
-59
What is 65 (base 14) in base 12?
75
What is -16 (base 7) in base 12?
-11
What is 3 (base 11) in base 16?
3
3 (base 11) to base 6
3
Convert 24 (base 6) to base 3.
121
-33 (base 4) to base 10
-15
What is -80 (base 12) in base 6?
-240
What is 33 (base 9) in base 8?
36
Convert 16 (base 14) to base 15.
15
-1b (base 12) to base 5
-43
What is -14 (base 15) in base 14?
-15
Convert 1 (base 12) to base 14.
1
What is -2240 (base 5) in base 15?
-165
-21 (base 3) to base 13
-7
What is e (base 15) in base 16?
e
Convert -2 (base 6) to base 9.
-2
Convert -2 (base 9) to base 4.
-2
-2 (base 13) to base 8
-2
-13 (base 4) to base 10
-7
Convert -10001111 (base 2) to base 12.
-bb
Convert -2 (base 4) to base 14.
-2
What is 2 (base 4) in base 10?
2
64 (base 14) to base 16
58
What is 0 (base 6) in base 13?
0
What is -1003 (base 4) in base 13?
-52
What is 9e (base 16) in base 6?
422
22100 (base 3) to base 15
100
Convert -a0 (base 15) to base 5.
-1100
Convert c (base 14) to base 13.
c
-1 (base 16) to base 15
-1
What is 13 (base 9) in base 6?
20
-3 (base 13) to base 2
-11
What is 1010 (base 2) in base 4?
22
2 (base 7) to base 4
2
What is 134 (base 9) in base 11?
a2
Convert 302 (base 4) to base 16.
32
0 (base 11) to base 16
0
Convert 3 (base 13) to base 7.
3
-12 (base 4) to base 7
-6
Convert -2 (base 4) to base 8.
-2
Convert -5 (base 8) to base 6.
-5
What is 1d (base 15) in base 5?
103
Convert -3 (base 6) to base 11.
-3
20 (base 6) to base 4
30
-301 (base 6) to base 7
-214
1a (base 13) to base 4
113
Convert -c0 (base 13) to base 16.
-9c
What is 2 (base 15) in base 8?
2
Convert 62 (base 13) to base 2.
1010000
4 (base 8) to base 5
4
21 (base 6) to base 14
d
What is c (base 14) in base 10?
12
150 (base 6) to base 12
56
12 (base 12) to base 16
e
What is 3 (base 9) in base 4?
3
150 (base 9) to base 15
86
Convert 52 (base 7) to base 2.
100101
Convert -11 (base 9) to base 8.
-12
-11 (base 4) to base 6
-5
-6 (base 8) to base 13
-6
What is 4 (base 15) in base 5?
4
What is -d (base 16) in base 14?
-d
Convert 2 (base 14) to base 15.
2
1 (base 6) to base 4
1
What is 6 (base 15) in base 10?
6
Convert 10 (base 6) to base 9.
6
-68 (base 14) to base 16
-5c
Convert -8 (base 14) to base 11.
-8
What is -1 (base 5) in base 15?
-1
What is dd (base 14) in base 4?
3003
What is -8 (base 12) in base 15?
-8
10010001 (base 2) to base 9
171
Convert 4 (base 11) to base 9.
4
What is -5 (base 14) in base 12?
-5
-110 (base 8) to base 13
-57
Convert -2 (base 11) to base 13.
-2
Convert -5 (base 13) to base 3.
-12
0 (base 8) to base 13
0
Convert -220 (base 5) to base 15.
-40
-102 (base 11) to base 9
-146
Convert 146 (base 7) to base 8.
123
3 (base 5) to base 3
10
What is 0 (base 11) in base 12?
0
Convert 36 (base 8) to base 11.
28
48 (base 15) to base 16
44
What is 24 (base 6) in base 13?
13
Convert 29 (base 11) to base 10.
31
Convert 13 (base 6) to base 13.
9
Convert -4 (base 16) to base 7.
-4
Convert 0 (base 10) to base 2.
0
Convert -21 (base 10) to base 5.
-41
Convert 6 (base 12) to base 15.
6
Convert 336 (base 7) to base 4.
2232
What is 12 (base 3) in base 6?
5
4 (base 7) to base 11
4
What is 1102 (base 6) in base 4?
3332
-17 (base 11) to base 12
-16
What is -24 (base 6) in base 2?
-10000
What is 0 (base 12) in base 15?
0
10101001 (base 2) to base 4
2221
What is -21 (base 4) in base 6?
-13
Convert 211 (base 4) to base 3.
1101
Convert -4 (base 11) to base 14.
-4
-60 (base 12) to base 9
-80
What is -37 (base 12) in base 3?
-1121
Convert -5 (base 9) to base 7.